igit of 38 - ((-24)/(-3))/4?
3
Let n(j) = -23*j**3 - 2*j**2 + 1. Let q be n(-1). Suppose 6*b = 4*b + q. What is the units digit of b?
1
Let f(b) = b**2 - b - 2. Let q be f(-2). Let y = 1 + q. Suppose 0 = -y*s - 2 + 47. What is the units digit of s?
9
Let x = -3 - 2. What is the units digit of (5/(x/(-24)))/1?
4
Let f be 2/10 + 93/(-15). Let l be (-3)/(f/8)*2. What is the units digit of ((-10)/8)/((-1)/l)?
0
Suppose h = -3*h - 16, -14 = -5*l + h. Suppose -4*n + 4*d + 6 = -l, d = 2. What is the units digit of n?
4
Suppose -d - 2*f = -5, 2*d = 3*f - 3 + 6. Let a(y) = 2*y**3 - 5*y**2 + 5*y - 3. What is the tens digit of a(d)?
2
Let b(p) = p**2 + 5*p - 2. What is the tens digit of b(5)?
4
Suppose -p - 3*p + 180 = 0. Let w = p - 9. What is the tens digit of w?
3
Let n = -12 + 67. What is the units digit of n?
5
Let n(y) = -2*y**3 - 4*y**2 - 2*y - 7. Let l be n(-5). Let o be (2/(-6))/(3/l). Let v = o + 30. What is the units digit of v?
3
Suppose 5*u - j = -3*j + 5, -4*j = -u - 21. What is the units digit of u + 0 + 29 + 1?
9
Let u(h) = 7*h - 8. Let v(q) = -q**3 - 2*q**2 - q + 2. Let o be v(-2). What is the units digit of u(o)?
0
Let v(m) = 5*m**2 - m. Let n be v(1). Suppose -n*f = -9*f. Suppose 4*z - 5*z + 4*u + 8 = f, 0 = z + 5*u + 1. What is the units digit of z?
4
Suppose 0*p + 4*p - 4*z - 88 = 0, -3*p = -2*z - 68. What is the units digit of p?
4
Let u = 86 + -32. Suppose 0*r - u = -2*r - 2*n, 0 = 4*r - 3*n - 73. What is the tens digit of r?
2
Let m = 8 + -2. Suppose o + m = 3*o. What is the units digit of o?
3
Let v be 2 + (-3 - -1) + 2. Suppose -v*a + m = -0*a - 29, -28 = -4*a - 4*m. What is the units digit of a?
2
Let l(t) = 374*t**3 + 2*t**2 - 2*t + 1. What is the tens digit of l(1)?
7
Let v = 1 + 1. Suppose b - 39 = -5*z, -3*b - v*z + 12 = -53. What is the tens digit of b?
1
Suppose 0 = -2*v + 6, 0 = -4*a - 4*v + 12 + 12. Suppose a*i + i = 40. What is the tens digit of i?
1
Let m(y) = y**2 - 3*y + 9. Let h be m(7). Let b = -81 + h. What is the units digit of (-184)/b - 2/11?
4
Let w = 19 - 32. Let y(s) = s**3 + 6*s**2 + 6*s - 4. Let h be y(-5). Let k = h - w. What is the units digit of k?
4
Let u = 3 - 9. Let a be u/(-9) - 17/3. Let p = 7 + a. What is the units digit of p?
2
Let a(b) = 4*b - 4. Let l be a(2). Suppose -20 = -k + 2*d, 4*k - 2*d = -l*d + 120. What is the tens digit of k?
2
Suppose 0 = -4*y + 112 - 8. Suppose 0*a - y = -2*a. What is the units digit of a?
3
Let q(s) = -s**2 + 2 - 6*s + 2*s + s**3 + 0*s**3. What is the units digit of q(3)?
8
Let y = 9 - 1. What is the units digit of 4/(-2)*(-20)/y?
5
Suppose -55*n + 56*n = 349. What is the tens digit of n?
4
Let o(g) = g**2 - 7*g + 8. Let h be o(6). Suppose 0*a = h*a. Suppose 0 = -t + 2*f - 7 - a, 5*t + 2*f = 13. What is the units digit of t?
1
What is the tens digit of (-10)/35 - ((-289)/7 - -2)?
3
Let v be (3/3)/(2/22). Let g = 20 - v. What is the units digit of g?
9
Suppose -4*o - 7 = -27. Suppose 3 = 2*i - o. What is the units digit of 3/((-6)/i) - -22?
0
Suppose x + 36 = 4*x. Let f(q) = q - 3. What is the units digit of f(x)?
9
Let x(j) = -j + 9. Let i be x(7). Let k(c) = -8*c**2 - c + 2. Let p be k(i). What is the tens digit of p/(-2) - (2 - 2)?
1
Let w = -5 - -20. Let n = w - -5. Let r = n - 8. What is the tens digit of r?
1
Let m = 8 + -2. Let b be 212/18 - (-6)/27. Let h = b - m. What is the units digit of h?
6
Let j(n) = n**3 + 6*n**2 + 3*n + 4. Suppose 3*c = -3*u + 5*u - 13, -2*c + 4*u = 6. What is the units digit of j(c)?
4
What is the tens digit of 28 + ((-28)/4 - -4)?
2
Let k(o) = -o + 7. Let l be k(6). What is the tens digit of l + 22 - 4/(-2)?
2
Suppose -88 = -3*m - 4*g + 55, 5*m + 4*g - 233 = 0. What is the tens digit of m?
4
Let x(v) = 4*v**2 + 3*v + 2. Let f be x(-2). Suppose 0*h = -h + f. What is the units digit of (-5 - -6) + -1 + h?
2
Let x(y) = y**3 - 8*y**2 + 2. Let d be x(8). Let r(g) = 2*g**d + 3*g**2 + 0*g**2. What is the units digit of r(-1)?
5
Let o be 3/(-1 + (-15)/(-12)). Let l = o - -4. What is the units digit of l?
6
Let k(u) = -u**2 - 5*u - 3. Let q be k(-4). Let j = 3 - q. Suppose -3*g + c = -2 - j, 5*c - 25 = 0. What is the units digit of g?
3
Let v(k) = 5*k - 2. What is the units digit of v(3)?
3
Suppose 0*a + 3 = 3*a. Suppose -29 = -y - 4*i, 0 = -4*i + 5*i + a. What is the tens digit of y?
3
Let b = 11 + -2. What is the units digit of b?
9
Let k(h) = h**2 + 8*h + 4. Let m be k(-7). What is the tens digit of 1*(m - -2) + 16?
1
Suppose -4*t - 39 = 3*v, -5*v - 5*t = 61 + 4. Let b = v + 28. What is the units digit of (12/(-5))/(-4)*b?
9
Let c be 2/(-7) + (-5850)/(-42). Suppose -4*q + c = 11. What is the units digit of q?
2
Let h = -1 - -4. Suppose 2*c = -5*u + 2*u + 17, -c = -h*u + 5. Suppose c*b + 4*r = 44, -b + 4*r + 6 + 0 = 0. What is the tens digit of b?
1
Let y(h) = -h + 3. Let r(c) = -c**3 + 9*c**2 - 7*c - 1. Let x be r(8). Let n be (-4)/(-14) - 37/x. What is the units digit of y(n)?
8
Suppose 3*d = 2*d + 5. Suppose h - 48 = -4*n, -d*n - 2*h = 3*h - 60. What is the units digit of n?
2
Suppose 485 + 138 = 7*k. What is the units digit of k?
9
Let b = 14 - 10. What is the units digit of b?
4
Suppose 2*j = -2*o - 40, 0 = -3*j + j - 8. Let x = -5 - o. What is the units digit of x?
1
Let j = 127 - 17. What is the tens digit of j?
1
Let z be ((-18)/(-21))/(4/28). Suppose 0 = z*b - b - 170. What is the tens digit of b?
3
Suppose -8*k + 14 = -w - 4*k, 2*w = 5*k - 16. What is the units digit of 2076/44 - w/11?
7
Suppose 2*j + 6*r - 3*r = 33, 60 = 5*j + 3*r. What is the units digit of 0/(3 + 0) + j?
9
Let a(h) = 4 - 4 - 5*h - 3 - 3. What is the units digit of a(-6)?
4
Let p = 8 + -3. Suppose 3*t - 4 = p*t. What is the units digit of (-6 + (-4)/t)*-2?
8
What is the tens digit of 4/14 - (-1924)/28?
6
Let q(o) = -o**2 - 4*o. Let d be q(-6). Let k = d + 8. Let n = 5 + k. What is the units digit of n?
1
Suppose 5*o + 244 = -0*x + 3*x, 0 = -3*x + o + 224. What is the units digit of x?
3
Let n be 0*2/(-1 - 1). Suppose 2*t = 8 - n. What is the units digit of t?
4
Suppose -3*w = -4*n - 7, 8 = -3*n + 2*w + 4. Suppose -r - 4*s + 2 = -0*s, -n*s + 64 = 5*r. What is the units digit of r?
4
Let u(a) = 26*a + 1. What is the tens digit of u(1)?
2
Suppose -4*p = 5*n - 44, -5*n = -5*p + 2*p - 2. Let b(z) = -2 + 3*z - 2 - z. What is the units digit of b(p)?
8
Suppose v + 2 = 4*y, y - 3*y = -3*v - 6. Suppose -4*d + 24 = -5*o, 4*d - 6*o + 4*o = 12. What is the units digit of (0 - -2)*d - v?
4
Let y be -3 - ((-9)/3 + 0). Suppose y = -2*c - 18 + 76. What is the units digit of c?
9
Suppose 3*r - 3*l - 189 = 0, -r + 51 = 4*l - 2. What is the tens digit of r?
6
Let x be (-10)/35 - (-710)/(-14). Let i = -29 - x. What is the tens digit of i?
2
Let c be (24/(-4))/(2/(-6)). Suppose -2*x = -2*w - c - 0, 3*x = -3*w - 51. What is the units digit of w/(-2) - (-6)/4?
8
Let g(f) = -f**3 + 3*f**2 + f - 2. Let w be g(4). Let x = 53 + w. Suppose 5*n = -3*c + 38, -4*c + 4*n + n = -x. What is the tens digit of c?
1
Let u(j) = -2*j + 94. What is the tens digit of u(-27)?
4
Suppose -4*d = 2*q + 52, -d + 2 + 12 = -q. Let g be (-14)/q + 4/18. Suppose u - 3*m = g, -2*u + 2*m = 2*u - 4. What is the units digit of u?
1
Let n be -2 - (-5)/(10/12). Suppose n*m = -3*o + 61, -29 = -5*m - 4*o + 48. What is the units digit of m?
3
Let r = 9 - 9. Suppose -6 = 2*a - r. What is the units digit of (1 + -4)*a/9?
1
Let i(q) = 3*q**2 + 6*q + 11. What is the units digit of i(7)?
0
Suppose -4*o = c - 20, 12 = 4*o + o - 2*c. Suppose -5*n - o*x - 50 = -8*n, 0 = -5*n - 5*x + 25. Let w = n - 6. What is the units digit of w?
4
Let m(o) = -o**3 - 3*o**2 + 7*o + 6. Let w be m(-4). Let k(i) = -i**2 - 7*i + 3. What is the units digit of k(w)?
9
Suppose 0 = -2*y - 3*a + 259, -6*y + 2*a = -5*y - 140. What is the hundreds digit of y?
1
What is the tens digit of 146/8 + (-9)/(-12)?
1
Let p be ((-4)/(-10))/(1/5). What is the tens digit of (3/p)/(3/34)?
1
What is the units digit of (-8)/52 + (-2346)/(-39)?
0
Suppose -4*o + 21 = -39. Let k = o - 12. What is the units digit of k?
3
Let v be -1 + 5 + 6/2. Let r(s) = -s + 9. What is the units digit of r(v)?
2
Let g be (5 + -5)/(-1 - 1). Let o be (-2)/(-1) + (0 - g). Suppose -3*t = t + o*n, 4*t - 3*n - 20 = 0. What is the units digit of t?
2
Let v(q) = -5*q**3. Let b be v(-1). Sup